In base 15, what is -3 - d105b00?
-d105b03
In base 4, what is 1010321202220 - 1012?
1010321201202
In base 15, what is -3 + -4738226?
-4738229
In base 14, what is -a79828 - 2?
-a7982a
In base 8, what is -5 + -705754?
-705761
In base 15, what is 16a55 + -2d4?
16771
In base 7, what is 402 + 16012261?
16012663
In base 7, what is -646 - 225224?
-226203
In base 15, what is -184db - -13?
-184c8
In base 11, what is -22 - -53211?
5319a
In base 5, what is 121320331 - -23?
121320404
In base 4, what is 113101 - 13102330?
-12323223
In base 3, what is 1200 + -20102202201?
-20102201001
In base 3, what is -102001 + -20210111020?
-20210220021
In base 5, what is 423131 + 4032?
432213
In base 2, what is -11111111011011110110 + 110000?
-11111111011011000110
In base 12, what is 5 - 842b331?
-842b328
In base 14, what is -10946d3 + -4d?
-1094742
In base 16, what is -2469 + -b3?
-251c
In base 13, what is 1 + -47076?
-47075
In base 6, what is 225 - 155104?
-154435
In base 9, what is -223754 + -13?
-223767
In base 16, what is 2 + 31e412?
31e414
In base 10, what is -8188 - -1859?
-6329
In base 16, what is -1c + 96c7d?
96c61
In base 7, what is -4 - 240652?
-240656
In base 9, what is 302171 + -102?
302068
In base 12, what is -4 - -2248a0b7?
2248a0b3
In base 13, what is -4334c6 - 17?
-433510
In base 9, what is 1675177184 + 1?
1675177185
In base 14, what is 19 - -28c30d?
28c328
In base 3, what is 100012222001 - 11202?
100012210022
In base 14, what is 17b7 - -b64d?
d026
In base 16, what is 3e9 + 672e?
6b17
In base 2, what is -1 - 110111100011010110001?
-110111100011010110010
In base 16, what is 4ea33 + 796?
4f1c9
In base 15, what is 758 + -28be3?
-2848a
In base 14, what is 12 + -414352?
-414340
In base 16, what is 3731 + -aa5?
2c8c
In base 6, what is -10305 - 3310?
-14015
In base 16, what is -292 - 1fe64?
-200f6
In base 3, what is -20100122000 - -2200?
-20100112100
In base 2, what is -110001111101 + 10100100001?
-11101011100
In base 6, what is 323 - -105030222?
105030545
In base 16, what is -6fc1206 + 4?
-6fc1202
In base 13, what is 57ba16 + 4?
57ba1a
In base 10, what is -10719 + -82?
-10801
In base 8, what is 147 + 14551317?
14551466
In base 3, what is -1201210120 + 12020?
-1201121100
In base 5, what is -1324131 - 1031?
-1330212
In base 13, what is 3 - -15c379?
15c37c
In base 15, what is b38384 - 2?
b38382
In base 11, what is -26953 - 12956?
-397a9
In base 8, what is -24312346 + 2?
-24312344
In base 14, what is -26a689 - -13?
-26a676
In base 16, what is 14a1 - 500?
fa1
In base 2, what is -111001111011101 - 1111100001?
-111011110111110
In base 6, what is 5 + -12452221?
-12452212
In base 3, what is -12112 + -102100122212102?
-102100200001221
In base 7, what is -3333520303 - -3?
-3333520300
In base 3, what is 2012102010122 + 10?
2012102010202
In base 4, what is -1013300 - -3231320?
2212020
In base 3, what is -121111 - 101021211022?
-101022102210
In base 14, what is 3d - 36dda?
-36d9b
In base 4, what is -113 - -302001013233?
302001013120
In base 9, what is -46251 + -464?
-46725
In base 4, what is -1032210 + -1323233?
-3022103
In base 6, what is -150344 - -5140?
-141204
In base 16, what is -14b5 - 2c88?
-413d
In base 7, what is 1105 + 125352?
126460
In base 2, what is -1010011100011 + 1100101111110?
10010011011
In base 4, what is 12032022020 + 2113?
12032030133
In base 11, what is -a7083287 + -4?
-a7083290
In base 11, what is 32 + 646846?
646878
In base 6, what is 51325424125 - 4?
51325424121
In base 3, what is -20010211 - -12112?
-12221022
In base 15, what is -1 + -215d3c?
-215d3d
In base 6, what is 501124510210 - 0?
501124510210
In base 4, what is -1120023 - -220003?
-300020
In base 10, what is 1871526 - -1?
1871527
In base 11, what is 3 + 74115908?
74115910
In base 12, what is 2178 - -30088?
32244
In base 8, what is 577322 - -2?
577324
In base 13, what is 9896 - 1359?
853a
In base 5, what is 22 + -314022432?
-314022410
In base 7, what is 1 + -4131504?
-4131503
In base 6, what is 200 - -340415213?
340415413
In base 14, what is -5c9b1 + c?
-5c9a3
In base 3, what is 2002 + -1022210011210?
-1022210002201
In base 9, what is 480 + -760278?
-758688
In base 9, what is 4 + -315781117?
-315781113
In base 14, what is -35 + 471d95?
471d60
In base 6, what is 34111102 + 31?
34111133
In base 3, what is -10200 + 101001200112?
101001112212
In base 8, what is 5 + -24353567?
-24353562
In base 13, what is -30 + -590b5?
-59115
In base 10, what is 20461473 + 10?
20461483
In base 14, what is 61b - -2166?
2783
In base 15, what is 8be74d - -9?
8be757
In base 2, what is 101111111110010100110 + 1011?
101111111110010110001
In base 6, what is -205 - 33?
-242
In base 10, what is 2236 - 2587?
-351
In base 9, what is 5353820 - 2?
5353817
In base 16, what is -20ba53 - 3c?
-20ba8f
In base 9, what is 1752 - -1538?
3401
In base 7, what is 2 + -1405416425?
-1405416423
In base 16, what is -2df - -25cf5?
25a16
In base 12, what is 10290 - 161b?
a871
In base 11, what is -22 + 999710?
999699
In base 6, what is -154151 + 103530?
-50221
In base 7, what is -11312 - -56623?
45311
In base 16, what is -2f5c63 + -43?
-2f5ca6
In base 16, what is -21969c1 - -3?
-21969be
In base 8, what is -1210227 + -274?
-1210523
In base 3, what is 10210002001102222 + 10?
10210002001110002
In base 7, what is -213042066 - 114?
-213042213
In base 15, what is 1111 + 146d9?
157ea
In base 8, what is -155 + 2141102?
2140725
In base 8, what is 107151 + -2576?
104353
In base 15, what is -d3572 - 7?
-d3579
In base 12, what is 49203 - -747?
4994a
In base 7, what is 15005346 + 66?
15005445
In base 11, what is 164387 - -4?
164390
In base 9, what is -1784351 + 101?
-1784250
In base 9, what is -35 + 1811152?
1811116
In base 13, what is 1144 - c465?
-b321
In base 16, what is -5 + b3801b?
b38016
In base 15, what is 325 + -34cb?
-31a6
In base 10, what is 19609 + -14?
19595
In base 12, what is -8936999 - -3?
-8936996
In base 3, what is 220212120022012 - 221?
220212120021021
In base 10, what is -45538 + 23?
-45515
In base 14, what is 1975caba - -5?
1975cac1
In base 5, what is 330423 - -300431?
1131404
In base 3, what is 12110002100202101 - -100?
12110002100202201
In base 13, what is -191b + -1349?
-2c67
In base 8, what is 7 + 2554252?
2554261
In base 15, what is 266a85 + -5?
266a80
In base 16, what is -38 + 526fd?
526c5
In base 15, what is -12a7c5b - 5?
-12a7c61
In base 5, what is 210 - 232300320?
-232300110
In base 8, what is -2742132351 + 0?
-2742132351
In base 3, what is 10100001112 - 11021210?
10011202202
In base 8, what is -2006 + 33743?
31735
In base 5, what is 3343101 - 223?
3342323
In base 13, what is 2606c + -7029?
1c043
In base 3, what is 10 + 12012020201001?
12012020201011
In base 5, what is -2 + 413303401?
413303344
In base 11, what is -24 - -23654?
23630
In base 13, what is -65a1b - -c?
-65a0c
In base 4, what is 210023111320 + 11?
210023111331
In base 8, what is 153 - -672463?
672636
In base 4, what is -22 + -11203311030221?
-11203311030303
In base 2, what is 1001010001001 - 101000101?
1000101000100
In base 15, what is -3 - -1d5a51?
1d5a4d
In base 11, what is -59 - 57a75a?
-57a808
In base 7, what is 524 - 163332?
-162505
In base 4, what is 33301220 - 132331?
33102223
In base 9, what is -307067387 - 5?
-307067403
In base 9, what is 343 + 25485?
25838
In base 8, what is 355375300 - -5?
355375305
In base 4, what is -133000210 - -20130?
-132320020
In base 9, what is -2206153 + 118?
-2206034
In base 4, what is -3022 - -110123130?
110120102
In base 14, what is 5 + 26334b?
263352
In base 11, what is 0 - -1236800?
1236800
In base 5, what is -221014010 - -121?
-221013334
In base 15, what is -1 - -74559b?
74559a
In base 15, what is -2e730 + 98?
-2e687
In base 11, what is -32629 - -10a?
-3251a
In base 3, what is -12212202211202101 - -12?
-12212202211202012
In base 8, what is -106424121 - 1?
-106424122
In base 3, what is -200111022022221 - -1?
-200111022022220
In base 15, what is -1e03c30 + -14?
-1e03c44
In base 16, what is -4 + 13105fe?
13105fa
In base 13, what is -113a56a - 2?
-113a56c
In base 3, what is 1221001121112122 + 12?
1221001121112211
In base 13, what is -7 - -1076c88?
1076c81
In base 2, what is 1001000101 + -11011010000?
-10010001011
In base 2, what is -110111101111 - -101010011100011?
100011011110100
In base 11, what is -365714 + 4a?
-365675